st common factor of 1711 and 145.
29
What is the greatest common divisor of 216 and 48?
24
What is the highest common divisor of 18 and 648?
18
Calculate the highest common factor of 630 and 245.
35
Calculate the highest common divisor of 969 and 34.
17
What is the greatest common divisor of 30 and 390?
30
Calculate the greatest common divisor of 605 and 121.
121
Calculate the highest common factor of 3598 and 14.
14
Calculate the highest common divisor of 636 and 96.
12
What is the greatest common factor of 2 and 1418?
2
Calculate the highest common divisor of 39 and 1248.
39
What is the highest common divisor of 161 and 1169?
7
Calculate the greatest common divisor of 52 and 39.
13
What is the highest common factor of 153 and 9?
9
Calculate the highest common factor of 5633 and 559.
43
Calculate the highest common divisor of 8664 and 152.
152
Calculate the highest common divisor of 2788 and 34.
34
What is the greatest common divisor of 8 and 1352?
8
What is the highest common factor of 10 and 605?
5
Calculate the greatest common divisor of 12 and 114.
6
What is the greatest common divisor of 171 and 2451?
57
What is the highest common divisor of 125 and 200?
25
Calculate the highest common factor of 70 and 665.
35
What is the greatest common divisor of 12 and 588?
12
What is the highest common divisor of 36144 and 36?
36
Calculate the greatest common divisor of 1 and 647.
1
Calculate the highest common divisor of 635 and 5.
5
What is the greatest common factor of 1591 and 37?
37
What is the greatest common divisor of 76 and 2052?
76
What is the highest common factor of 28 and 12306?
14
Calculate the greatest common divisor of 7120 and 32.
16
Calculate the highest common factor of 32 and 736.
32
What is the highest common divisor of 2128 and 1680?
112
Calculate the greatest common divisor of 270 and 108.
54
What is the greatest common divisor of 40 and 152?
8
Calculate the greatest common divisor of 777 and 273.
21
Calculate the highest common divisor of 2 and 1796.
2
Calculate the highest common divisor of 732 and 12.
12
What is the greatest common divisor of 41 and 10291?
41
What is the highest common factor of 348 and 4756?
116
Calculate the highest common divisor of 39 and 325.
13
What is the greatest common divisor of 46 and 322?
46
What is the greatest common factor of 24 and 12288?
24
Calculate the greatest common divisor of 2 and 91.
1
What is the highest common divisor of 4 and 500?
4
What is the highest common factor of 1975 and 3555?
395
What is the highest common divisor of 33642 and 445?
89
Calculate the greatest common divisor of 65 and 637.
13
Calculate the highest common divisor of 240 and 1040.
80
What is the highest common factor of 6 and 134?
2
Calculate the greatest common divisor of 4 and 18.
2
Calculate the greatest common divisor of 452 and 4294.
226
Calculate the highest common divisor of 57 and 48.
3
What is the greatest common factor of 231 and 10626?
231
What is the highest common factor of 29630 and 10?
10
Calculate the highest common divisor of 15 and 85.
5
What is the highest common factor of 219 and 584?
73
What is the highest common factor of 14 and 166?
2
What is the highest common factor of 7938 and 18?
18
What is the greatest common divisor of 832 and 13?
13
What is the highest common divisor of 188 and 20?
4
What is the highest common factor of 9494 and 1818?
202
What is the highest common factor of 52 and 52?
52
What is the highest common divisor of 1612 and 186?
62
Calculate the highest common divisor of 54 and 2646.
54
Calculate the greatest common factor of 896 and 2304.
128
What is the greatest common factor of 531 and 177?
177
What is the greatest common factor of 39 and 3952?
13
Calculate the greatest common divisor of 1595 and 55.
55
Calculate the greatest common factor of 54 and 2124.
18
What is the greatest common factor of 90 and 2790?
90
Calculate the greatest common factor of 144 and 304.
16
What is the greatest common divisor of 469 and 134?
67
What is the highest common factor of 272 and 374?
34
Calculate the highest common divisor of 166 and 664.
166
What is the greatest common divisor of 100 and 190?
10
Calculate the greatest common divisor of 520 and 65.
65
What is the highest common divisor of 8 and 6936?
8
Calculate the highest common factor of 750 and 6.
6
What is the greatest common divisor of 330 and 20?
10
What is the highest common factor of 391 and 476?
17
Calculate the highest common factor of 56 and 8750.
14
Calculate the highest common factor of 551 and 58.
29
Calculate the greatest common factor of 190 and 3382.
38
Calculate the highest common divisor of 25 and 400.
25
Calculate the highest common factor of 118 and 6136.
118
Calculate the greatest common divisor of 117 and 144.
9
Calculate the highest common factor of 12061 and 28.
7
Calculate the highest common factor of 1020 and 1836.
204
What is the greatest common divisor of 39 and 19136?
13
Calculate the highest common divisor of 8 and 744.
8
Calculate the greatest common factor of 3538 and 61.
61
Calculate the highest common divisor of 171 and 27.
9
What is the highest common factor of 306 and 3213?
153
What is the highest common factor of 1512 and 56?
56
What is the greatest common divisor of 198 and 88?
22
What is the greatest common factor of 52 and 3172?
52
Calculate the highest common factor of 14342 and 142.
142
Calculate the greatest common factor of 270 and 108.
54
What is the highest common factor of 187 and 119?
17
Calculate the highest common divisor of 7 and 80.
1
Calculate the greatest common factor of 667 and 46.
23
What is the greatest common divisor of 19 and 3781?
19
Calculate the highest common factor of 63 and 127.
1
Calculate the highest common divisor of 139 and 3.
1
What is the greatest common factor of 16 and 1388?
4
What is the highest common divisor of 13 and 3029?
13
Calculate the greatest common factor of 5 and 505.
5
Calculate the greatest common divisor of 20977 and 33.
11
Calculate the greatest common divisor of 408 and 3774.
102
What is the greatest common divisor of 572 and 52?
52
What is the highest common factor of 3704 and 8?
8
Calculate the greatest common divisor of 15 and 60.
15
Calculate the highest common divisor of 13 and 221.
13
Calculate the highest common divisor of 40 and 1660.
20
What is the highest common factor of 22 and 5786?
22
Calculate the highest common divisor of 448 and 308.
28
What is the highest common divisor of 90 and 2178?
18
What is the greatest common factor of 132 and 36?
12
Calculate the highest common factor of 49 and 217.
7
Calculate the highest common factor of 96 and 9.
3
Calculate the highest common factor of 3856 and 32.
16
Calculate the greatest common factor of 17 and 34.
17
Calculate the greatest common factor of 9600 and 3300.
300
Calculate the greatest common divisor of 1722 and 252.
42
Calculate the greatest common divisor of 3852 and 54.
18
Calculate the highest common factor of 30 and 225.
15
What is the greatest common factor of 3165 and 60?
15
Calculate the highest common factor of 2006 and 2242.
118
Calculate the greatest common factor of 41 and 2.
1
Calculate the highest common factor of 13 and 15.
1
What is the greatest common divisor of 63 and 35?
7
What is the greatest common divisor of 28 and 164?
4
What is the highest common factor of 45 and 117?
9
What is the greatest common factor of 402 and 6?
6
Calculate the greatest common factor of 1161 and 27.
27
Calculate the greatest common divisor of 15 and 120.
15
What is the greatest common divisor of 21 and 35?
7
What is the highest common factor of 3872 and 32?
32
Calculate the greatest common factor of 13 and 25.
1
Calculate the highest common divisor of 6174 and 98.
98
Calculate the greatest common factor of 10 and 50.
10
Calculate the highest common factor of 31 and 1054.
31
Calculate the highest common divisor of 154 and 2530.
22
Calculate the highest common factor of 916 and 10763.
229
Calculate the greatest common factor of 115 and 69.
23
What is the greatest common factor of 26384 and 32?
16
Calculate the highest common factor of 1696 and 32.
32
Calculate the greatest common divisor of 7 and 252.
7
What is the greatest common factor of 100 and 4050?
50
Calculate the highest com